19 and 594?
33
Calculate the highest common divisor of 7360 and 620.
20
What is the greatest common factor of 115 and 3215?
5
Calculate the highest common divisor of 1807 and 60187.
139
What is the greatest common divisor of 3982 and 1144?
22
Calculate the highest common divisor of 17621 and 26826.
263
Calculate the highest common divisor of 344 and 1044728.
344
What is the greatest common factor of 2930 and 37?
1
What is the greatest common divisor of 47038 and 58?
58
What is the greatest common factor of 354248 and 136?
8
Calculate the greatest common divisor of 3161 and 2507.
109
What is the highest common divisor of 513391 and 310?
31
Calculate the greatest common factor of 5168 and 2128.
304
Calculate the highest common factor of 4107 and 407.
37
What is the greatest common factor of 255460 and 20485?
1205
Calculate the highest common divisor of 41293 and 357.
119
Calculate the highest common factor of 351333 and 309.
309
Calculate the highest common divisor of 37520 and 15544.
536
What is the greatest common factor of 89447 and 368?
23
Calculate the greatest common factor of 119 and 1393.
7
Calculate the highest common divisor of 2507337 and 63.
63
What is the highest common factor of 71 and 13703?
71
Calculate the highest common factor of 5704 and 414.
46
What is the highest common factor of 144609 and 4720?
59
Calculate the highest common factor of 20711 and 298.
149
Calculate the greatest common divisor of 18 and 59946.
6
What is the highest common divisor of 80 and 7535560?
40
Calculate the greatest common divisor of 3627 and 11349.
117
What is the highest common divisor of 3621802 and 2648?
662
Calculate the highest common divisor of 90 and 181455.
15
Calculate the greatest common factor of 576 and 98856.
72
What is the greatest common factor of 35640 and 154?
22
What is the highest common factor of 1420 and 16570?
10
Calculate the greatest common divisor of 760 and 181735.
95
What is the highest common factor of 48 and 970000?
16
What is the greatest common factor of 91 and 34931?
13
What is the highest common factor of 5418 and 441?
63
What is the greatest common divisor of 191 and 115937?
191
Calculate the greatest common factor of 57 and 7269.
3
Calculate the highest common divisor of 7849 and 2209.
47
What is the highest common factor of 70 and 89026?
14
What is the highest common divisor of 905 and 5115965?
905
Calculate the highest common factor of 9633 and 6929.
169
What is the greatest common divisor of 98904 and 2808?
312
Calculate the greatest common divisor of 110 and 786.
2
What is the highest common factor of 5292 and 228123?
189
What is the greatest common factor of 25753 and 455?
91
Calculate the highest common divisor of 478720 and 9248.
544
What is the highest common factor of 863 and 1?
1
What is the greatest common factor of 4390795 and 5?
5
What is the greatest common divisor of 117 and 171?
9
Calculate the greatest common factor of 16549 and 58022.
67
Calculate the greatest common divisor of 11217124 and 3368.
1684
Calculate the highest common factor of 5082 and 814.
22
Calculate the highest common divisor of 98 and 47054.
14
What is the highest common divisor of 12947 and 847?
121
Calculate the highest common factor of 124 and 56978.
62
Calculate the highest common factor of 690 and 388700.
230
Calculate the highest common factor of 136 and 167792.
8
What is the highest common divisor of 850 and 41140?
170
What is the highest common divisor of 20 and 1156100?
20
Calculate the highest common divisor of 258 and 38614.
86
What is the greatest common divisor of 55 and 166045?
55
Calculate the greatest common divisor of 3834075 and 210.
105
Calculate the greatest common divisor of 181673 and 139.
139
What is the greatest common divisor of 24776 and 5472?
152
Calculate the greatest common factor of 195 and 10508550.
195
Calculate the greatest common divisor of 210 and 17283.
21
Calculate the greatest common factor of 16414 and 870.
58
What is the greatest common divisor of 1759284 and 18?
18
What is the highest common factor of 105 and 669333?
21
Calculate the highest common divisor of 3872 and 48224.
352
What is the greatest common factor of 91 and 22581?
13
What is the highest common factor of 154693 and 4961?
451
What is the highest common factor of 11398 and 492?
82
What is the highest common factor of 115 and 4379430?
115
What is the greatest common factor of 83136 and 433?
433
What is the greatest common divisor of 12537 and 1592?
199
Calculate the highest common factor of 255660 and 120.
60
What is the highest common factor of 3495 and 3?
3
What is the highest common factor of 6 and 10641?
3
Calculate the highest common factor of 308652 and 267.
267
Calculate the greatest common divisor of 1200 and 450840.
120
What is the highest common factor of 17278 and 7661?
163
Calculate the highest common divisor of 739808 and 2274.
758
Calculate the greatest common divisor of 72 and 27825.
3
Calculate the greatest common divisor of 8149255 and 5.
5
What is the highest common factor of 4 and 158052?
4
What is the highest common factor of 868 and 308?
28
What is the highest common factor of 6144 and 78?
6
What is the highest common divisor of 3269451 and 1533?
219
Calculate the greatest common divisor of 111 and 7203.
3
Calculate the highest common factor of 39 and 3979209.
39
Calculate the highest common divisor of 8 and 733720.
8
What is the highest common divisor of 555 and 3945?
15
What is the greatest common factor of 340 and 5270?
170
What is the highest common divisor of 196 and 2004394?
98
What is the highest common divisor of 843 and 24705?
3
What is the highest common divisor of 767 and 3410849?
767
What is the highest common divisor of 129 and 73659?
129
What is the greatest common factor of 172 and 2223444?
172
Calculate the greatest common divisor of 233328 and 192.
48
What is the highest common factor of 725 and 665?
5
What is the highest common factor of 1536 and 157184?
512
What is the highest common divisor of 4042810 and 1090?
1090
Calculate the highest common factor of 429 and 379951.
143
What is the greatest common divisor of 180152 and 224?
56
Calculate the greatest common factor of 81 and 11394.
27
What is the highest common factor of 6384 and 62265?
21
Calculate the highest common factor of 269760 and 42993.
843
What is the highest common divisor of 433921 and 397?
397
What is the highest common factor of 1521 and 399?
3
Calculate the highest common factor of 5168013 and 771.
771
Calculate the highest common factor of 131 and 229.
1
What is the highest common divisor of 111627 and 1422?
711
What is the highest common factor of 1056 and 1353?
33
Calculate the greatest common divisor of 187481 and 7.
7
What is the greatest common factor of 297 and 242451?
99
Calculate the greatest common factor of 200 and 349100.
100
What is the highest common factor of 52850 and 33673?
151
Calculate the highest common factor of 3 and 150936.
3
What is the highest common factor of 45612 and 2520?
252
Calculate the greatest common factor of 1143029 and 6035.
1207
Calculate the highest common divisor of 697518 and 162.
54
What is the greatest common divisor of 30451 and 37?
37
What is the greatest common factor of 132 and 195140?
44
Calculate the greatest common divisor of 18240 and 18848.
608
Calculate the highest common factor of 520789 and 23.
23
Calculate the greatest common divisor of 2 and 176551.
1
What is the greatest common divisor of 224 and 12448?
32
Calculate the highest common factor of 8 and 33752.
8
What is the highest common divisor of 180 and 1992?
12
What is the greatest common divisor of 210 and 11249070?
210
What is the greatest common divisor of 16269 and 1188?
33
What is the highest common factor of 6437 and 369264?
157
What is the greatest common divisor of 4275 and 24700?
475
Calculate the highest common divisor of 153 and 166906.
17
What is the greatest common factor of 139 and 30441?
139
What is the highest common divisor of 74579 and 3485?
697
Calculate the highest common divisor of 765244 and 76.
76
What is the highest common factor of 4592 and 21840?
112
Calculate the highest common divisor of 234 and 3219138.
234
Calculate the greatest common factor of 2827 and 198.
11
Calculate the g